 + 30*v - 4*f, -5*v = f. Calculate the greatest common factor of 59 and v.
1
Suppose -22*p + 1451 = -2949. Calculate the greatest common factor of p and 280.
40
Suppose 0 = -3*n + 136 - 55. Suppose -i + 0*z + 45 = 2*z, i - 30 = z. Let w be n/(i/8 - 4). Calculate the highest common divisor of w and 8.
8
Let j be (-21)/(12/(-22) - 45/99). Calculate the highest common divisor of j and 231.
21
Let r = -705 + 713. What is the highest common divisor of 200 and r?
8
Let z be 0 - (-5 - -9) - -5. Let r be (11 - -5)*z*2. Calculate the greatest common divisor of 16 and r.
16
Let c(f) = -76*f**3 - f**2 + f + 1. Let m be c(-1). What is the greatest common divisor of 25 and m?
25
Let n be (0 - 2)*(-26)/4. Suppose -2*s + n = 5. Suppose -j = 4, -s*r + 7*j + 36 = 3*j. Calculate the greatest common divisor of 40 and r.
5
Suppose 178 = -7*y - 67. Suppose -2*c = 2*c + 232. Let g = y - c. What is the greatest common divisor of g and 92?
23
Suppose 18*o = 22*o - 1756. Suppose -2*n = -2*t + 310, 4*t + 5*n - 190 = o. What is the greatest common divisor of t and 13?
13
Let a(i) = -38*i - 77. Let n be a(-7). Calculate the greatest common divisor of n and 84.
21
Suppose -4 = 4*r - 2*y, 5*r - 6*r = 2*y + 6. Let h be (r + 3)/((-1)/(-115)). Calculate the highest common factor of 46 and h.
23
Let c be (153/3)/(18/618). Calculate the greatest common divisor of c and 103.
103
Let k(m) = m - 17. Let u be k(7). Let z = 37 + u. What is the greatest common divisor of 18 and z?
9
Let a = -7 + 12. Suppose -60 = -a*z + 130. Suppose z + 90 = 4*t. Calculate the greatest common divisor of t and 4.
4
Let n(u) = 5*u**3 + 38*u**2 - 19*u - 2. Let q be n(-6). Suppose -4*y - 5*d - 170 = -8*y, 4*y - 158 = -d. What is the highest common factor of y and q?
40
Let j be (3 + 2)*(5 + 4). Let o be ((-4)/(-6))/(10/285). Suppose -o = -4*v + j. Calculate the greatest common factor of 80 and v.
16
Suppose 3*b - 891 = -2*q, 5*q = -4*b - 339 + 1534. Calculate the highest common divisor of 10 and b.
5
Let i(w) be the third derivative of 13*w**6/120 + w**5/20 - w**3/3 - 11*w**2. Let j be i(1). What is the greatest common divisor of 14 and j?
14
Let o(c) = c**2 - 3*c - 16. Let j be o(6). Suppose -38 = -4*s - 2*q, -j*s + 13 = -3*q - 2*q. Calculate the highest common factor of s and 72.
9
Let i = -1 + -4. Let v be -1*(1 + i + -95). What is the highest common divisor of 11 and v?
11
Suppose j + 4*r = -0*j + 68, -5*j - 4*r = -260. Let u be 6/(-21) - (-114)/7. Calculate the greatest common divisor of u and j.
16
Let i be (35/(-4))/((-2)/(-8))*-3. Calculate the highest common factor of i and 63.
21
Suppose -5*i = -20, -3*p = -7*p - i + 8. Suppose 22*q - 160 + 6 = 0. Calculate the greatest common factor of p and q.
1
Suppose -8*o + 943 + 113 = 0. Let z = 15 - -18. What is the highest common divisor of z and o?
33
Suppose -3*x = 4*d - 18 - 14, 12 = -3*x. Calculate the highest common divisor of 176 and d.
11
Let l = 10 + -2. Let n be -1*l*-6*(-3)/(-24). Let j be 14*1 + (-2 - 0). Calculate the highest common factor of n and j.
6
Suppose 5*w - 325 = 3*r, 5*r = -5*w + w + 223. Suppose 3*b + w = 4*z, 9*z - 4*z = -5*b + 60. Suppose j - 1 = z. What is the highest common divisor of j and 6?
3
Suppose -101 = -85*y + 2619. What is the greatest common factor of y and 368?
16
Suppose -13*u - 40 = -21*u. Let l(z) = 18*z - 57. Let q be l(u). Calculate the greatest common divisor of 231 and q.
33
Let g(y) be the third derivative of -y**4/24 + 20*y**3/3 - 19*y**2. Let f be g(-12). Suppose 600 = 5*z + 210. What is the greatest common factor of z and f?
26
Let c be 40 + (8/(-3))/((-46)/69). Let x be -3*(-1 + 107/(-3)). Calculate the highest common divisor of x and c.
22
Let m be 1/(-2)*(-5 - -67). Let n = 48 + m. Let i(k) = k**2 + 4*k + 6. Let s be i(5). What is the greatest common divisor of n and s?
17
Suppose -5*v = h - 10*v + 17, 2*h - 4*v = -10. Let o be (0/2)/(0 - h). Suppose z = -o*z + 28. What is the greatest common divisor of z and 4?
4
Let v(w) be the second derivative of -w**4/12 - 4*w**3/3 + 7*w**2 + 18*w. Let j be v(-7). What is the greatest common factor of j and 7?
7
Let x = 31 + -96. Let g = x - -125. Let r = 99 - 59. What is the highest common factor of g and r?
20
Let d = 77 + -79. Let t be 282/(-4 + 7) - d. Calculate the highest common factor of 32 and t.
32
Suppose 30 = 2*k + 2*v, -9 = 3*v + 6. Suppose 8*b - 15 = 3*b. Suppose 4*q = b*p - 130, p - 3*q - 30 = q. What is the highest common divisor of p and k?
10
Let f(j) = -j + 11. Let s be 1 + -3*(1 + -4). Let z = 19 - s. Let q be f(z). What is the highest common factor of 4 and q?
2
Let y = -64 - -88. Calculate the greatest common divisor of y and 8.
8
Suppose -111 = -s - 6*s - 3*m, 3*s = 5*m + 35. What is the highest common factor of s and 51?
3
Suppose 13*l + 108 - 641 = 0. Suppose 2*q + 5*x = 87, -5 + 0 = -5*x. What is the highest common divisor of l and q?
41
Let y be (-3*-4*2)/(-1). Let p = 25 + y. What is the highest common factor of p and 11?
1
Let h = 18 + 8. Suppose s + h = 3*s + 4*g, -3*s = 5*g - 38. Let y = 80 - 47. Calculate the highest common divisor of y and s.
11
Let r(j) = 2*j - 6. Suppose 20*v + 5 = 21*v. Let a be r(v). Calculate the greatest common divisor of 4 and a.
4
Suppose -4*o - 3*p = -60, 2*o + 0*o - p = 20. Suppose -2*z = -0*z - 16. Suppose -76 = z*y - o*y. Calculate the highest common divisor of 171 and y.
19
Let h be ((-34675)/(-292))/(15/24). What is the greatest common factor of 30 and h?
10
Let j(x) = x**2 + 13*x + 28. Let n = 28 - 40. Let s be j(n). Calculate the greatest common divisor of 40 and s.
8
Suppose 92 = -3*b - b - 4*j, -4*j = -b + 2. Let r be 38/4 + b/12. Calculate the highest common divisor of r and 40.
8
Let v = -85 - -211. Suppose 5*n = 3*g - v, 0*g - 42 = -g - 3*n. What is the greatest common factor of 84 and g?
42
Let g be 8/(-1)*-12*6/18. Suppose -4*c + 5*i = -41, 3*i - 3 + 18 = 0. What is the greatest common divisor of c and g?
4
Let u = 10 + -9. Let i be (u - 2)*(2 - 1). Let w be ((-62)/((-6)/(-3)))/i. Calculate the greatest common divisor of 62 and w.
31
Let p(b) = -6*b - 6. Suppose 5*z - 16 = z. Suppose -z*i = i + 30. Let s be p(i). What is the highest common factor of 5 and s?
5
Suppose 0*w = 5*o + w - 448, -2*o - 5*w + 170 = 0. What is the greatest common factor of o and 20?
10
Let r be 1056/(-8) + (1 - 2). Let j = 141 + r. What is the greatest common divisor of 2 and j?
2
Let w be 204*(-26 + 23 - (-7)/2). Calculate the greatest common divisor of w and 68.
34
Let c be (132/8)/(6/32). Let u = 1765 - 1754. What is the greatest common factor of u and c?
11
Suppose 3*v - 11 - 169 = 0. Suppose -2*i = -i - v. Suppose 30*a = -161*a + 28650. What is the greatest common divisor of a and i?
30
Suppose 4*l - 304 = -3*k - 0*k, 4*l = -2*k + 304. Let c = -45 + 64. Suppose 0 = -2*h + 3*h - c. What is the highest common divisor of l and h?
19
Let p be ((-10)/36 + 10/(-45))*-768. Suppose p = 5*s + 24. What is the greatest common factor of s and 9?
9
Suppose 0 = -i + 3*o - 8*o, 0 = 2*i - 4*o. Suppose i = -4*u + 108 + 52. Suppose -3*j + 16 = -2*j. What is the highest common factor of u and j?
8
Let p(j) = -6*j - 3. Let m be p(-2). Suppose 4*x = -114 + 478. Let l = -10 + x. Calculate the highest common factor of l and m.
9
Suppose 5 = -3*u + 14. Suppose 0 = 2*m + u*m - 120. Suppose 2*b - 103 - 17 = 0. Calculate the highest common divisor of m and b.
12
Suppose -3*f + 2*t - 4*t = -2, f + 3*t - 3 = 0. Suppose w = -5*v + 60, -2*v + 6 + 4 = f. Calculate the greatest common divisor of 14 and w.
7
Let x be (9 - 0)*(-5)/(-15). Suppose 7 = x*d + 1. Let h be 78/6 + 2*d. Calculate the highest common factor of 153 and h.
17
Suppose -7*d + 4*d + 173 = 2*x, 5*d - 289 = -3*x. Suppose -2*r - 2*i = r - d, -2*r - i = -40. Calculate the highest common divisor of 147 and r.
21
Let c(y) = -y**3 + 5*y**2 + 6*y + 2. Let d be c(5). Suppose -22 - d = -3*a. What is the highest common divisor of 27 and a?
9
Let c(o) = o**2 - o + 38. Let z be c(0). Let n be (270512/297)/16 + (-4)/(-54). Calculate the highest common divisor of n and z.
19
Let h = 1014 + -1008. Suppose 3*a - 98 = -26. Calculate the highest common divisor of a and h.
6
Suppose -2*t = 5*q - 4*q - 80, 0 = -2*q + 4*t + 160. Calculate the highest common factor of q and 10.
10
Suppose -55*u +